0*x + 18. What are the prime factors of x?
2, 5
Suppose j - 7 = 19. Suppose -4*n + j = 3*z - 5, 0 = 4*z - n - 54. What are the prime factors of z?
13
Let v = 335 - 227. List the prime factors of v.
2, 3
Suppose 21 + 5 = u. Suppose 0 = -g - 3*g - 2*h + u, -h = 1. List the prime factors of g.
7
Suppose -4*v + 98 = -62. List the prime factors of v.
2, 5
List the prime factors of (-4 - -2) + 3 + (-1 - -132).
2, 3, 11
Let w(y) be the first derivative of 2*y - 1/3*y**3 + 5/2*y**2 - 2. List the prime factors of w(4).
2, 3
Let r = 3 + -4. Let p = 4 + r. List the prime factors of p.
3
List the prime factors of 39*((-3)/(-9))/1.
13
Let l = 10 - 6. Suppose 2*s + 74 = 5*s - 5*o, 5*s - 2*o = 98. Suppose -l*v = -v - s. List the prime factors of v.
2, 3
Let y = 8 + -13. Let r = y + 14. List the prime factors of r.
3
Let d(m) be the third derivative of -m**5/120 + 11*m**4/24 + m**3/6 + 3*m**2. Let i(o) be the first derivative of d(o). What are the prime factors of i(6)?
5
Suppose 2*g + g = 18. Let c = -20 + 41. Suppose b - c + g = 0. What are the prime factors of b?
3, 5
Suppose 0 = -0*h + 3*h - 30. List the prime factors of h.
2, 5
Suppose -3*q + 20 = -8*q. Let z = -2 - q. Let f = 14 - z. List the prime factors of f.
2, 3
List the prime factors of (0 + (-15)/9)/((-3)/324).
2, 3, 5
List the prime factors of (-1 + (2 - -1))*1.
2
Let w = -2 + 3. Let n = w + 1. List the prime factors of n.
2
Suppose 0 = -5*p - 5*b + 197 + 193, 5*p - 4*b - 435 = 0. List the prime factors of p.
83
Suppose 3 + 9 = 4*g. Suppose 3*h + 0*d = d + 117, 0 = g*h + 2*d - 126. List the prime factors of h.
2, 5
Let z = 14 - 10. Suppose 10 = z*k - 6. List the prime factors of k.
2
Let x(r) be the first derivative of -1/4*r**4 + 7/3*r**3 + 1 - 10*r + 11/2*r**2. What are the prime factors of x(8)?
2, 7
Let i be 0/2 - 1 - 11. Let j = 7 + i. List the prime factors of (-6)/15 - 47/j.
3
List the prime factors of (-2*13)/((32/(-6))/8).
3, 13
Suppose 0*g = -5*g + 3*w + 21, 2*g - 5*w + 3 = 0. Let h = g - 2. Suppose -h*t + 4*n - 6*n = -82, 84 = 4*t + 4*n. What are the prime factors of t?
2, 5
Let l = -5 + 12. List the prime factors of 44/7 - 2/l.
2, 3
Let n = 11 + -6. Let y(m) = -m**3 + 5*m**2 + 2. List the prime factors of y(n).
2
Let b(n) = -n**3 - 11*n**2 - 3*n + 1. List the prime factors of b(-11).
2, 17
Let c(s) = 10*s**2 - 3*s + 2. List the prime factors of c(2).
2, 3
Let c = 211 - 150. List the prime factors of c.
61
Suppose -n - 426 = -5*h - 166, -5*h + 240 = -5*n. What are the prime factors of h?
53
Suppose 0 = -3*h - 0*k - 3*k + 6, -k + 10 = 3*h. Suppose -h*x = -3 - 13. List the prime factors of x - (3 - 2) - -1.
2
Let d(l) = -3*l**2 + 6*l. Let f be d(4). What are the prime factors of 1/3 - 544/f?
23
Suppose 3*q - q - 5*a = 30, a = -2. List the prime factors of q.
2, 5
Let r = 45 - 24. List the prime factors of r.
3, 7
Let z be (4/10)/((-7)/(-35)). Suppose -5*o = -z*o - 33. What are the prime factors of o?
11
Let h be ((-8)/(-6))/((-4)/(-42)). Let r be (-7)/(-2) + 7/h. Suppose 0 = -0*z - 2*z - 4*f + 36, 4*z - r*f - 96 = 0. List the prime factors of z.
2, 11
Let x(t) = -14*t - 8. Let d(c) = c + 1. Let n(s) = -12*d(s) - x(s). Let w be n(5). Let u(o) = -o**2 + 7*o - 3. What are the prime factors of u(w)?
3
Let d be 6/(-18) - (-69)/(-9). What are the prime factors of (-106)/d - 1/4?
13
Suppose 0 = -2*d + 2*s + 44, 36 = -d + 4*d + 3*s. What are the prime factors of d?
17
Let x(d) be the first derivative of -d**2 - 6*d - 3. Let z be (-5 - 1 - -1)/1. What are the prime factors of x(z)?
2
Suppose -332 = 8*v - 12*v. List the prime factors of v.
83
Suppose 4*j = -w - 3*w, 5*w = j - 6. Let q(r) = -2 - 3*r + 2*r + 3 + j. List the prime factors of q(0).
2
Let r(k) = -k**2 + k + 12. Let n be r(0). What are the prime factors of n/(-3 - (-3 - 1))?
2, 3
What are the prime factors of (65/26)/((-2)/(-8))?
2, 5
Let r(j) = j**2 - j - 2. Let p be r(-2). Let c be 184/10 + p/(-10). Suppose 0 = 2*q - 5*q + c. What are the prime factors of q?
2, 3
Let m be -1 + 4 - (-3 + 5). List the prime factors of 16/(-6)*(m - 4).
2
Let d(c) = 29*c - 43. List the prime factors of d(6).
131
Suppose -4*t = 20 + 8. Let u = -1 - t. What are the prime factors of u?
2, 3
Suppose 0*i = 5*i - 455. List the prime factors of i.
7, 13
Let s be (-5 - -2)/(3/4). Let o = 44 - s. Suppose -4*w + 2*a = -0*a - o, -2*w - 5*a = -48. List the prime factors of w.
2, 7
Let a(c) = -1 - 1 - 10*c**3 - 3 + 6 - 2*c**2. Let p be a(2). List the prime factors of (-2)/8 - p/12.
7
List the prime factors of ((-28)/12 - -2)/(4/(-3180)).
5, 53
Let l(q) = -15*q. Let k(f) = -f. Let c(s) = -20*k(s) + l(s). What are the prime factors of c(1)?
5
Suppose -15 = t + 4*m + 5, 0 = 4*t + m + 50. Suppose -2 = 3*w + 5*b, 0*w + 2*w - 32 = 5*b. What are the prime factors of 32/w*(-18)/t?
2
Let u be (-126)/24 + 6/(-8). Let g be ((-4)/u)/(6/81). Suppose g*k - 4*k - 28 = -2*d, 3*k = -5*d + 51. List the prime factors of d.
3
Suppose 2*r = -4 + 122. What are the prime factors of r?
59
Let d(k) = 36*k - 9. Let s be d(9). List the prime factors of s/14 - (-1)/2.
23
List the prime factors of (-1)/3 + (-583)/(-3).
2, 97
Suppose j = -5, -c + 2 = -0*c + j. Suppose 100 = c*r - 2*r. What are the prime factors of r?
2, 5
Let o be 4/(-8) - (-2)/4. Suppose o*y + 4*y - 16 = 0. Suppose 2*v - 8*i + 4*i - 30 = 0, 2*i = y*v - 48. What are the prime factors of v?
11
Let a(m) = 31*m + 1. Let h be a(2). Let c = h - 33. Suppose 5*v = -0*v + c. What are the prime factors of v?
2, 3
Suppose 2*p + 10 = -26. Suppose 0*v - 10 = 2*v. Let k = v - p. List the prime factors of k.
13
Let q(b) = b**3 + 6*b**2 - 8*b - 2. Let n be q(-7). Let z(k) = 3*k - 1. What are the prime factors of z(n)?
2, 7
Suppose p + 4*h + 31 = -0*p, -h = -3*p - 41. Suppose -4*v - 3*c = 97, -3*v - 3*c - 12 = 63. Let a = p - v. What are the prime factors of a?
7
Let l = -1 - -40. List the prime factors of l.
3, 13
Let w = 32 + -5. List the prime factors of w.
3
Let x(k) = -k + 50. Let z be x(0). Suppose -o + z = 9. What are the prime factors of o?
41
Let j(u) = u**2 - 3*u - 2. Suppose 2*m + 12 = -2*m. List the prime factors of j(m).
2
Let u(l) be the third derivative of 0 - 1/12*l**4 + 3*l**2 + 1/60*l**5 + 13/120*l**6 + 0*l + 1/6*l**3. What are the prime factors of u(1)?
13
Let z(n) = 0*n - 6*n**2 + 0*n**3 + 2 + 3*n + n + n**3. Let s be z(5). What are the prime factors of (-1)/((3/2)/s)?
2
Let c = 4 - -14. Let b = 35 - c. What are the prime factors of b?
17
Suppose -5*l + 120 = -2*l. List the prime factors of l.
2, 5
Let n(h) = -h**3 + 6*h**2 - 7*h + 6. Let k be n(5). Let f(j) = -j**3 - 3*j**2 - 3*j - 5. List the prime factors of f(k).
23
Suppose -63 - 117 = -6*h. List the prime factors of h.
2, 3, 5
Let l = -6 - -16. Suppose -l = -2*s - 3*s. List the prime factors of s.
2
Let k(z) = -z**3 + 10*z**2 + z - 6. Let b be k(10). Let f(j) = j + 1. List the prime factors of f(b).
5
Let x = 15 + 16. Suppose -a + 0*a = 19. Let g = x + a. List the prime factors of g.
2, 3
Let w = 142 + 56. List the prime factors of w.
2, 3, 11
Let p(i) = -i**3 - 7*i**2 + 7*i + 8. Let c be p(-8). Let o = c - 8. Suppose o = 3*k - 1. List the prime factors of k.
3
Suppose 0 = -4*t + 18 + 42. Let o = -11 + t. List the prime factors of o.
2
Let z be (-4)/(-8)*4 + 123. Suppose -4*y = y - z. What are the prime factors of y?
5
Suppose -j = -5*l + 25, -5*l + 0*j - 2*j + 25 = 0. Suppose -l*r + 0 = -35. List the prime factors of r.
7
Suppose 0 = -4*d - 0*d + 8. Suppose 24 = 3*b + d*n, 0*b + 7 = b + n. What are the prime factors of b?
2, 5
Suppose 3*n + 58 = 190. What are the prime factors of n?
2, 11
Suppose 0 = -o - 15 - 0. Let a = 24 - o. List the prime factors of a.
3, 13
Let d = -4 - -3. Let o(q) = 2*q**2 + 1. Let s be o(d). Suppose 36 = s*j - 0*j. List the prime factors of j.
2, 3
Suppose 2*p = 8*p - 900. List the prime factors of p.
2, 3, 5
Suppose -u = 2, d - 27 = -4*u - 10. Let y = d + -10. List the prime factors of y.
3, 5
Let g be (-4)/6 + (-6)/(-9). Suppose g = -3*s + 4 + 5. Suppose s*t = -2*f - f - 3, -f - 7 = 3*t. What are the prime factors of f?
2
Suppose -2 = r - 6. Let q(f) = -f + 5. Let j(s) = 2. Let b(x) = 5*j(x) - 3*q(x). List the prime factors of b(r).
7
Suppose 0 = 2*m + 3*m + q - 20, q = m + 2. Suppose s + m*s - 48 = 0. List the prime factors of s.
2, 3
L